{"id":45,"date":"2021-11-20T21:37:07","date_gmt":"2021-11-20T20:37:07","guid":{"rendered":"http:\/\/www.artmeiers.de\/?page_id=45"},"modified":"2022-01-02T19:12:01","modified_gmt":"2022-01-02T18:12:01","slug":"galerie","status":"publish","type":"page","link":"https:\/\/www.artmeiers.de\/index.php\/galerie\/","title":{"rendered":"Galerie"},"content":{"rendered":"\n<p>Werfen Sie einen Blick auf Ihre Eventlocation. K\u00fcche mit Kaffeeautomat und K\u00fchlschr\u00e4nken, Getr\u00e4nketheke, Geschirr, Besteck sowie Tischdecken uvm. stehen Ihnen nat\u00fcrlich f\u00fcr Ihre Veranstaltung zur Verf\u00fcgung.<\/p>\n\n\n\n<div class=\"wp-block-envira-envira-gallery\"><div id=\"envira-gallery-wrap-147\" class=\"envira-gallery-wrap envira-gallery-theme-base envira-lightbox-theme-base\" itemscope itemtype=\"https:\/\/schema.org\/ImageGallery\"><div data-row-height=\"150\" data-gallery-theme=\"normal\" id=\"envira-gallery-147\" class=\"envira-gallery-public envira-gallery-justified-public envira-gallery-0-columns envira-clear enviratope envira-gallery-css-animations\" data-envira-columns=\"0\"><div id=\"envira-gallery-item-153\" class=\"envira-gallery-item enviratope-item envira-gallery-item-1 envira-lazy-load\" style=\"padding-left: 1px; padding-bottom: 1px; padding-right: 1px;\"  itemscope itemtype=\"https:\/\/schema.org\/ImageObject\"><div class=\"envira-gallery-item-inner\"><div class=\"envira-gallery-position-overlay  envira-gallery-top-left\"><\/div><div class=\"envira-gallery-position-overlay  envira-gallery-top-right\"><\/div><div class=\"envira-gallery-position-overlay  envira-gallery-bottom-left\"><\/div><div class=\"envira-gallery-position-overlay  envira-gallery-bottom-right\"><\/div><a href=\"http:\/\/www.artmeiers.de\/wp-content\/uploads\/2021\/12\/IMG_1028-scaled.jpg\" class=\"envira-gallery-147 envira-gallery-link\" rel=\"enviragallery147\" title=\"IMG_1028\" data-envira-caption=\"IMG_1028\" data-envira-retina=\"\" data-thumbnail=\"\"  itemprop=\"contentUrl\"><img decoding=\"async\" id=\"envira-gallery-image-153\" class=\"envira-gallery-image envira-gallery-image-1 envira-normal envira-lazy\" data-envira-index=\"1\" src=\"https:\/\/www.artmeiers.de\/wp-content\/uploads\/2021\/12\/IMG_1028-1024x768-640x480.jpg\" data-envira-src=\"https:\/\/www.artmeiers.de\/wp-content\/uploads\/2021\/12\/IMG_1028-1024x768-640x480.jpg\" data-envira-gallery-id=\"147\" data-envira-item-id=\"153\" data-envira-caption=\"IMG_1028\" alt=\"\" title=\"IMG_1028\"  itemprop=\"thumbnailUrl\" data-envira-srcset=\"https:\/\/www.artmeiers.de\/wp-content\/uploads\/2021\/12\/IMG_1028-1024x768-640x480.jpg 400w,https:\/\/www.artmeiers.de\/wp-content\/uploads\/2021\/12\/IMG_1028-1024x768-640x480.jpg 2x\" data-envira-width=\"300\" data-envira-height=\"225\" srcset=\"data:image\/gif;base64,R0lGODlhAQABAIAAAP\/\/\/\/\/\/\/yH5BAEKAAEALAAAAAABAAEAAAICTAEAOw==\" data-safe-src=\"data:image\/gif;base64,R0lGODlhAQABAIAAAP\/\/\/\/\/\/\/yH5BAEKAAEALAAAAAABAAEAAAICTAEAOw==\" \/><\/a><\/div><\/div><div id=\"envira-gallery-item-150\" class=\"envira-gallery-item enviratope-item envira-gallery-item-2 envira-lazy-load\" style=\"padding-left: 1px; padding-bottom: 1px; padding-right: 1px;\"  itemscope itemtype=\"https:\/\/schema.org\/ImageObject\"><div class=\"envira-gallery-item-inner\"><div class=\"envira-gallery-position-overlay  envira-gallery-top-left\"><\/div><div class=\"envira-gallery-position-overlay  envira-gallery-top-right\"><\/div><div class=\"envira-gallery-position-overlay  envira-gallery-bottom-left\"><\/div><div class=\"envira-gallery-position-overlay  envira-gallery-bottom-right\"><\/div><a href=\"http:\/\/www.artmeiers.de\/wp-content\/uploads\/2021\/12\/IMG_0979-scaled.jpg\" class=\"envira-gallery-147 envira-gallery-link\" rel=\"enviragallery147\" title=\"IMG_0979\" data-envira-caption=\"IMG_0979\" data-envira-retina=\"\" data-thumbnail=\"\"  itemprop=\"contentUrl\"><img decoding=\"async\" id=\"envira-gallery-image-150\" class=\"envira-gallery-image envira-gallery-image-2 envira-normal envira-lazy\" data-envira-index=\"2\" src=\"https:\/\/www.artmeiers.de\/wp-content\/uploads\/2021\/12\/IMG_0979-1024x768-640x480.jpg\" data-envira-src=\"https:\/\/www.artmeiers.de\/wp-content\/uploads\/2021\/12\/IMG_0979-1024x768-640x480.jpg\" data-envira-gallery-id=\"147\" data-envira-item-id=\"150\" data-envira-caption=\"IMG_0979\" alt=\"\" title=\"IMG_0979\"  itemprop=\"thumbnailUrl\" data-envira-srcset=\"https:\/\/www.artmeiers.de\/wp-content\/uploads\/2021\/12\/IMG_0979-1024x768-640x480.jpg 400w,https:\/\/www.artmeiers.de\/wp-content\/uploads\/2021\/12\/IMG_0979-1024x768-640x480.jpg 2x\" data-envira-width=\"300\" data-envira-height=\"225\" srcset=\"data:image\/gif;base64,R0lGODlhAQABAIAAAP\/\/\/\/\/\/\/yH5BAEKAAEALAAAAAABAAEAAAICTAEAOw==\" data-safe-src=\"data:image\/gif;base64,R0lGODlhAQABAIAAAP\/\/\/\/\/\/\/yH5BAEKAAEALAAAAAABAAEAAAICTAEAOw==\" \/><\/a><\/div><\/div><div id=\"envira-gallery-item-154\" class=\"envira-gallery-item enviratope-item envira-gallery-item-3 envira-lazy-load\" style=\"padding-left: 1px; padding-bottom: 1px; padding-right: 1px;\"  itemscope itemtype=\"https:\/\/schema.org\/ImageObject\"><div class=\"envira-gallery-item-inner\"><div class=\"envira-gallery-position-overlay  envira-gallery-top-left\"><\/div><div class=\"envira-gallery-position-overlay  envira-gallery-top-right\"><\/div><div class=\"envira-gallery-position-overlay  envira-gallery-bottom-left\"><\/div><div class=\"envira-gallery-position-overlay  envira-gallery-bottom-right\"><\/div><img decoding=\"async\" id=\"envira-gallery-image-154\" class=\"envira-gallery-image envira-gallery-image-3 envira-normal envira-lazy\" data-envira-index=\"3\" src=\"https:\/\/www.artmeiers.de\/wp-content\/uploads\/2021\/12\/IMG_1029-1024x768-640x480.jpg\" data-envira-src=\"https:\/\/www.artmeiers.de\/wp-content\/uploads\/2021\/12\/IMG_1029-1024x768-640x480.jpg\" data-envira-gallery-id=\"147\" data-envira-item-id=\"154\" data-envira-caption=\"\" alt=\"\" title=\"\"  itemprop=\"thumbnailUrl\" data-envira-srcset=\"https:\/\/www.artmeiers.de\/wp-content\/uploads\/2021\/12\/IMG_1029-1024x768-640x480.jpg 400w,https:\/\/www.artmeiers.de\/wp-content\/uploads\/2021\/12\/IMG_1029-1024x768-640x480.jpg 2x\" data-envira-width=\"300\" data-envira-height=\"225\" srcset=\"data:image\/gif;base64,R0lGODlhAQABAIAAAP\/\/\/\/\/\/\/yH5BAEKAAEALAAAAAABAAEAAAICTAEAOw==\" data-safe-src=\"data:image\/gif;base64,R0lGODlhAQABAIAAAP\/\/\/\/\/\/\/yH5BAEKAAEALAAAAAABAAEAAAICTAEAOw==\" \/><\/div><\/div><div id=\"envira-gallery-item-148\" class=\"envira-gallery-item enviratope-item envira-gallery-item-4 envira-lazy-load\" style=\"padding-left: 1px; padding-bottom: 1px; padding-right: 1px;\"  itemscope itemtype=\"https:\/\/schema.org\/ImageObject\"><div class=\"envira-gallery-item-inner\"><div class=\"envira-gallery-position-overlay  envira-gallery-top-left\"><\/div><div class=\"envira-gallery-position-overlay  envira-gallery-top-right\"><\/div><div class=\"envira-gallery-position-overlay  envira-gallery-bottom-left\"><\/div><div class=\"envira-gallery-position-overlay  envira-gallery-bottom-right\"><\/div><a href=\"http:\/\/www.artmeiers.de\/wp-content\/uploads\/2021\/12\/IMG_0836-scaled.jpg\" class=\"envira-gallery-147 envira-gallery-link\" rel=\"enviragallery147\" title=\"IMG_0836\" data-envira-caption=\"IMG_0836\" data-envira-retina=\"\" data-thumbnail=\"\"  itemprop=\"contentUrl\"><img decoding=\"async\" id=\"envira-gallery-image-148\" class=\"envira-gallery-image envira-gallery-image-4 envira-normal envira-lazy\" data-envira-index=\"4\" src=\"https:\/\/www.artmeiers.de\/wp-content\/uploads\/2021\/12\/IMG_0836-1024x768-640x480.jpg\" data-envira-src=\"https:\/\/www.artmeiers.de\/wp-content\/uploads\/2021\/12\/IMG_0836-1024x768-640x480.jpg\" data-envira-gallery-id=\"147\" data-envira-item-id=\"148\" data-envira-caption=\"IMG_0836\" alt=\"\" title=\"IMG_0836\"  itemprop=\"thumbnailUrl\" data-envira-srcset=\"https:\/\/www.artmeiers.de\/wp-content\/uploads\/2021\/12\/IMG_0836-1024x768-640x480.jpg 400w,https:\/\/www.artmeiers.de\/wp-content\/uploads\/2021\/12\/IMG_0836-1024x768-640x480.jpg 2x\" data-envira-width=\"300\" data-envira-height=\"225\" srcset=\"data:image\/gif;base64,R0lGODlhAQABAIAAAP\/\/\/\/\/\/\/yH5BAEKAAEALAAAAAABAAEAAAICTAEAOw==\" data-safe-src=\"data:image\/gif;base64,R0lGODlhAQABAIAAAP\/\/\/\/\/\/\/yH5BAEKAAEALAAAAAABAAEAAAICTAEAOw==\" \/><\/a><\/div><\/div><div id=\"envira-gallery-item-149\" class=\"envira-gallery-item enviratope-item envira-gallery-item-5 envira-lazy-load\" style=\"padding-left: 1px; padding-bottom: 1px; padding-right: 1px;\"  itemscope itemtype=\"https:\/\/schema.org\/ImageObject\"><div class=\"envira-gallery-item-inner\"><div class=\"envira-gallery-position-overlay  envira-gallery-top-left\"><\/div><div class=\"envira-gallery-position-overlay  envira-gallery-top-right\"><\/div><div class=\"envira-gallery-position-overlay  envira-gallery-bottom-left\"><\/div><div class=\"envira-gallery-position-overlay  envira-gallery-bottom-right\"><\/div><a href=\"http:\/\/www.artmeiers.de\/wp-content\/uploads\/2021\/12\/IMG_0959-scaled.jpg\" class=\"envira-gallery-147 envira-gallery-link\" rel=\"enviragallery147\" title=\"IMG_0959\" data-envira-caption=\"IMG_0959\" data-envira-retina=\"\" data-thumbnail=\"\"  itemprop=\"contentUrl\"><img decoding=\"async\" id=\"envira-gallery-image-149\" class=\"envira-gallery-image envira-gallery-image-5 envira-normal envira-lazy\" data-envira-index=\"5\" src=\"https:\/\/www.artmeiers.de\/wp-content\/uploads\/2021\/12\/IMG_0959-1024x768-640x480.jpg\" data-envira-src=\"https:\/\/www.artmeiers.de\/wp-content\/uploads\/2021\/12\/IMG_0959-1024x768-640x480.jpg\" data-envira-gallery-id=\"147\" data-envira-item-id=\"149\" data-envira-caption=\"IMG_0959\" alt=\"\" title=\"IMG_0959\"  itemprop=\"thumbnailUrl\" data-envira-srcset=\"https:\/\/www.artmeiers.de\/wp-content\/uploads\/2021\/12\/IMG_0959-1024x768-640x480.jpg 400w,https:\/\/www.artmeiers.de\/wp-content\/uploads\/2021\/12\/IMG_0959-1024x768-640x480.jpg 2x\" data-envira-width=\"300\" data-envira-height=\"225\" srcset=\"data:image\/gif;base64,R0lGODlhAQABAIAAAP\/\/\/\/\/\/\/yH5BAEKAAEALAAAAAABAAEAAAICTAEAOw==\" data-safe-src=\"data:image\/gif;base64,R0lGODlhAQABAIAAAP\/\/\/\/\/\/\/yH5BAEKAAEALAAAAAABAAEAAAICTAEAOw==\" \/><\/a><\/div><\/div><div id=\"envira-gallery-item-151\" class=\"envira-gallery-item enviratope-item envira-gallery-item-6 envira-lazy-load\" style=\"padding-left: 1px; padding-bottom: 1px; padding-right: 1px;\"  itemscope itemtype=\"https:\/\/schema.org\/ImageObject\"><div class=\"envira-gallery-item-inner\"><div class=\"envira-gallery-position-overlay  envira-gallery-top-left\"><\/div><div class=\"envira-gallery-position-overlay  envira-gallery-top-right\"><\/div><div class=\"envira-gallery-position-overlay  envira-gallery-bottom-left\"><\/div><div class=\"envira-gallery-position-overlay  envira-gallery-bottom-right\"><\/div><a href=\"http:\/\/www.artmeiers.de\/wp-content\/uploads\/2021\/12\/IMG_0982-scaled.jpg\" class=\"envira-gallery-147 envira-gallery-link\" rel=\"enviragallery147\" title=\"IMG_0982\" data-envira-caption=\"IMG_0982\" data-envira-retina=\"\" data-thumbnail=\"\"  itemprop=\"contentUrl\"><img decoding=\"async\" id=\"envira-gallery-image-151\" class=\"envira-gallery-image envira-gallery-image-6 envira-normal envira-lazy\" data-envira-index=\"6\" src=\"https:\/\/www.artmeiers.de\/wp-content\/uploads\/2021\/12\/IMG_0982-1024x768-640x480.jpg\" data-envira-src=\"https:\/\/www.artmeiers.de\/wp-content\/uploads\/2021\/12\/IMG_0982-1024x768-640x480.jpg\" data-envira-gallery-id=\"147\" data-envira-item-id=\"151\" data-envira-caption=\"IMG_0982\" alt=\"\" title=\"IMG_0982\"  itemprop=\"thumbnailUrl\" data-envira-srcset=\"https:\/\/www.artmeiers.de\/wp-content\/uploads\/2021\/12\/IMG_0982-1024x768-640x480.jpg 400w,https:\/\/www.artmeiers.de\/wp-content\/uploads\/2021\/12\/IMG_0982-1024x768-640x480.jpg 2x\" data-envira-width=\"300\" data-envira-height=\"225\" srcset=\"data:image\/gif;base64,R0lGODlhAQABAIAAAP\/\/\/\/\/\/\/yH5BAEKAAEALAAAAAABAAEAAAICTAEAOw==\" data-safe-src=\"data:image\/gif;base64,R0lGODlhAQABAIAAAP\/\/\/\/\/\/\/yH5BAEKAAEALAAAAAABAAEAAAICTAEAOw==\" \/><\/a><\/div><\/div><\/div><\/div><noscript><img decoding=\"async\" src=\"https:\/\/www.artmeiers.de\/wp-content\/uploads\/2021\/12\/IMG_1028-scaled.jpg\" alt=\"\" \/><img decoding=\"async\" src=\"https:\/\/www.artmeiers.de\/wp-content\/uploads\/2021\/12\/IMG_0979-scaled.jpg\" alt=\"\" \/><img decoding=\"async\" src=\"https:\/\/www.artmeiers.de\/wp-content\/uploads\/2021\/12\/IMG_1029-scaled.jpg\" alt=\"\" \/><img decoding=\"async\" src=\"https:\/\/www.artmeiers.de\/wp-content\/uploads\/2021\/12\/IMG_0836-scaled.jpg\" alt=\"\" \/><img decoding=\"async\" src=\"https:\/\/www.artmeiers.de\/wp-content\/uploads\/2021\/12\/IMG_0959-scaled.jpg\" alt=\"\" \/><img decoding=\"async\" src=\"https:\/\/www.artmeiers.de\/wp-content\/uploads\/2021\/12\/IMG_0982-scaled.jpg\" alt=\"\" \/><\/noscript><\/div>\n\n\n\n<p><\/p>\n","protected":false},"excerpt":{"rendered":"<p>Werfen Sie einen Blick auf Ihre Eventlocation. K\u00fcche mit Kaffeeautomat und K\u00fchlschr\u00e4nken, Getr\u00e4nketheke, Geschirr, Besteck sowie Tischdecken uvm. stehen Ihnen nat\u00fcrlich f\u00fcr Ihre Veranstaltung zur Verf\u00fcgung.<\/p>\n","protected":false},"author":2,"featured_media":0,"parent":0,"menu_order":0,"comment_status":"closed","ping_status":"closed","template":"","meta":{"neve_meta_sidebar":"","neve_meta_container":"","neve_meta_enable_content_width":"","neve_meta_content_width":0,"neve_meta_title_alignment":"","neve_meta_author_avatar":"","neve_post_elements_order":"","neve_meta_disable_header":"","neve_meta_disable_footer":"","neve_meta_disable_title":"","footnotes":""},"class_list":["post-45","page","type-page","status-publish","hentry"],"_links":{"self":[{"href":"https:\/\/www.artmeiers.de\/index.php\/wp-json\/wp\/v2\/pages\/45","targetHints":{"allow":["GET"]}}],"collection":[{"href":"https:\/\/www.artmeiers.de\/index.php\/wp-json\/wp\/v2\/pages"}],"about":[{"href":"https:\/\/www.artmeiers.de\/index.php\/wp-json\/wp\/v2\/types\/page"}],"author":[{"embeddable":true,"href":"https:\/\/www.artmeiers.de\/index.php\/wp-json\/wp\/v2\/users\/2"}],"replies":[{"embeddable":true,"href":"https:\/\/www.artmeiers.de\/index.php\/wp-json\/wp\/v2\/comments?post=45"}],"version-history":[{"count":6,"href":"https:\/\/www.artmeiers.de\/index.php\/wp-json\/wp\/v2\/pages\/45\/revisions"}],"predecessor-version":[{"id":213,"href":"https:\/\/www.artmeiers.de\/index.php\/wp-json\/wp\/v2\/pages\/45\/revisions\/213"}],"wp:attachment":[{"href":"https:\/\/www.artmeiers.de\/index.php\/wp-json\/wp\/v2\/media?parent=45"}],"curies":[{"name":"wp","href":"https:\/\/api.w.org\/{rel}","templated":true}]}}